 is the tens digit of q?
9
Suppose -3*o - 97 = -2*t, o - 199 = -4*t + 6*o. Let i = t - 31. What is the units digit of i?
5
Let y(j) = j**2 - 6*j + 132. Let t(x) = -2*x**2 + 14*x - 265. Let i(g) = 6*t(g) + 13*y(g). What is the hundreds digit of i(-14)?
2
Let t = 50 + -54. What is the tens digit of (102/t)/(222/(-9620))?
0
Let k(i) = -50*i - 147. Let d be k(-3). Suppose 4*f + 354 = 6*f. Let w = f - d. What is the units digit of w?
4
Let f = 5430 + 1744. What is the tens digit of f?
7
Let g(y) = 773*y**2 + 17*y + 86. What is the hundreds digit of g(-4)?
3
Suppose -5*c - 167*p + 6030 = -166*p, c + 2*p = 1215. What is the tens digit of c?
0
Let s = 1535 + -1012. Let j = s - 475. What is the units digit of j?
8
Let o(i) = 5*i**3 + i**2 - 6*i + 21. Let v be o(-5). Let x = v + 1250. What is the units digit of x?
1
Let y(m) = -5*m + 52. Let p be y(10). Suppose -p*o + 340 = -288. What is the hundreds digit of o?
3
Suppose 2*u - 4*f + 108 + 58 = 0, 4 = 4*f. Let h = -77 - u. What is the tens digit of ((1 - h)/(-6))/((-7)/(-3052))?
1
Let q be ((-376)/(-235))/((-8)/(-10)). Suppose -2*c = 3*b - 1223, 5*b - 4*b = -q*c + 405. What is the hundreds digit of b?
4
Suppose 5*c - 9 = -4*q, 3*c + 0 = -3*q + 9. Suppose q*d = 2*d + 120. Let s = 21 + d. What is the units digit of s?
1
What is the hundreds digit of (3 - 3) + 12/(1 - -5)*444?
8
Let f(x) = 11*x**3 - 2*x**2 + x. Let r be f(1). Suppose -4*t - 2 + r = 0. Suppose -h = t*y - 73, -8*h = -4*h - y - 310. What is the tens digit of h?
7
Suppose 8*n - 568 = 11*n - 4*f, 4*n = -3*f - 749. Let b = 232 + n. What is the units digit of b?
4
Let c(w) = -3*w**2 - 150*w - 11. Let u(d) = -11*d**2 - 602*d - 43. Let v(z) = -9*c(z) + 2*u(z). What is the thousands digit of v(-37)?
1
What is the tens digit of ((-4)/(-10))/((-332)/(-364370))?
3
Let k(d) = 1341*d**2 + 17*d - 29. What is the thousands digit of k(4)?
1
Let y = -7 + 9. Suppose z + z + 2*k = -y, 2*k + 5 = -z. Suppose 3*w + z*c - 141 = 0, 2*c + 5 = 1. What is the units digit of w?
9
Let l(z) = 19*z**3 - 238*z**2 + 40*z - 43. What is the ten thousands digit of l(19)?
4
Suppose 5*q + 49 = 59. Suppose q*s + 8*v - 3*v - 41 = 0, -s + 5*v + 13 = 0. What is the units digit of s?
8
Let p(i) = i**3 + 4*i**2 - 12*i + 6. Let n be p(-6). Suppose 5154 = -0*v + n*v. What is the units digit of v?
9
Suppose m - 3 = -1. Let x(n) = 17*n - 423. Let l be x(37). Suppose -3*z + l = -m*z. What is the units digit of z?
6
Let j = -368 + 498. Let x = 158 + j. What is the tens digit of x?
8
Let k be -3 + 15*3/9. Let p be k/19 + 4665/(-95). Let b = p - -62. What is the units digit of b?
3
What is the units digit of -3 - (18 - 13) - 1*-9785?
7
Suppose 2*c - 14070 = -324*o + 319*o, 0 = 5*o + c - 14070. What is the thousands digit of o?
2
Let s(a) = 48*a**2 - 2*a + 2. Suppose -32*k + 8 = -34*k. What is the units digit of s(k)?
8
Let b be (6 - (-50)/(-4))*-14. Let x(a) = -3*a**2 - 2*a. Let w be x(-2). Let m = b - w. What is the tens digit of m?
9
Let h(l) = 6581*l**3 + 2*l**2 - 17*l + 16. What is the hundreds digit of h(1)?
5
Let t(s) = 3*s**2 - 18*s - 11. Let a be t(15). Suppose -a - 47 = -3*w. Let d = w + -88. What is the units digit of d?
9
Let f(d) = -9*d**3 + 17*d**2 + 58*d + 11. Suppose -k - 3 = 2. What is the units digit of f(k)?
1
Suppose 13*j = 9*j + 16. Suppose -3*o - o + 297 = -5*i, o = -j*i + 90. What is the units digit of o?
8
Let z(v) = 37 + 201 + 0*v + 37 - v - 3*v**2. What is the tens digit of z(0)?
7
Let w(g) = g**3 - 7*g**2 + 4*g + 2. Let p be (-4 - -10)*20/24. Suppose 4*k - 8 = -p*m + 33, 3*k - 22 = 5*m. What is the units digit of w(k)?
0
What is the tens digit of 1365078/104 - (-18)/72?
2
Let h = 6514 - 2143. What is the units digit of h?
1
Let c be 12/(-3) - (-18)/3. Suppose -5*o + 1885 = -2*o + c*s, 0 = -3*o - s + 1889. Suppose -6*i - 109 = -o. What is the tens digit of i?
8
What is the tens digit of ((-6)/(-10))/(2/(-552780)*-18)?
1
Let b(h) = -h**2 - 46*h - 6. Let r be b(-22). Suppose 7*x = -r + 2608. What is the tens digit of x?
9
Suppose q + 2 = -4*c - 8, q = c + 5. Suppose 5*b + 415 = 3*k, -21 = -3*k + q*b + 379. Suppose -k - 47 = -3*a. What is the units digit of a?
9
Suppose 4*y = -2*v + 24972 - 7802, 3*v - y - 25762 = 0. What is the tens digit of v?
8
Let g(a) = -496*a**2 - 489*a**2 - 10 + 984*a**2 + 19*a. What is the tens digit of g(14)?
6
Suppose -6*d + 139 = -41. Let t be (34/(-3))/(10/d). What is the tens digit of t*(135/(-10))/9?
5
Let y = -201 - -203. Let h(a) = 140*a - 5. What is the tens digit of h(y)?
7
Let p = 18 + -14. Let m be -3*1/(-2)*16/p. What is the units digit of (-48)/(0 + m)*(-6)/8?
6
Suppose -17*f = -19225 - 4609. What is the thousands digit of f?
1
Suppose 49*q = 54*q - p - 51339, 0 = 4*q + p - 41064. What is the units digit of q?
7
Suppose d - 188 = 4*n, 196 = 4*d + 4*n - 536. Let k = 315 - d. Suppose -5*s - 5*r = -208 - 57, -2*s + k = -3*r. What is the tens digit of s?
5
Suppose y - 75*d + 73*d - 47325 = 0, -d - 94650 = -2*y. What is the units digit of y?
5
Let w be -4*30/(-4) + 4/(-2). Let n = 32 - w. Suppose n*q - 664 = -256. What is the hundreds digit of q?
1
Suppose -16999 = 396*t - 398*t + 3*h, -2*t - 2*h + 16984 = 0. What is the hundreds digit of t?
4
What is the tens digit of 22/(-4) - 2289805/(-70)?
0
Suppose 1906*t - 2684 = 1902*t. Let a = t + 425. What is the thousands digit of a?
1
Let w(q) = 2*q + 2. Let h = -9 - -24. Let j be w(h). Suppose -j + 401 = 3*u. What is the hundreds digit of u?
1
Let z be 199 - 28/(14/(-2)). Suppose f = 5*v - z - 1, v = 4*f + 56. What is the units digit of v?
0
Let j = -1475 + -1129. Let w be (-5)/50*4 + j/(-10). Let h = w - 154. What is the hundreds digit of h?
1
Let a be (-2 - 140/18) + (-4)/18. What is the tens digit of a/15*-1*45?
3
Let x = 6068 + 2925. What is the thousands digit of x?
8
Let q(m) = -2*m**3 + 42*m**2 + 4*m + 14. Let w(f) = -2*f + 33. Let n be w(6). What is the units digit of q(n)?
8
Suppose 4*g + 12 = 4*w, g + 30 = 6*g + 4*w. Suppose 0 = 2*i - 2*k - 390, -g*i = 3*i + 4*k - 930. What is the hundreds digit of i?
1
Suppose -5*w + 4*t + 2526 = 0, 8*w - 6*w = -t + 1013. Let q = w + -70. What is the hundreds digit of q?
4
Let g(x) = 17*x + 381. Let c be g(10). Suppose z + 17 = c. What is the hundreds digit of z?
5
Let w(x) = -17*x + 10. Let b(c) = c**3 + 4*c**2 - 9*c + 20. Let k be b(-6). Suppose 3*l + 35 + 0 = 5*v, -k*v - 7 = 3*l. What is the tens digit of w(l)?
9
Let t(w) = -4*w**2 - 65*w - 27. Let y be t(15). Let b = -725 - y. What is the tens digit of b?
7
Suppose 21*r - 5*b - 15192 = 0, 3*r = -r - 3*b + 2870. What is the hundreds digit of r?
7
Suppose 24293 = 16*r + 2629. Let q = 2034 - r. What is the units digit of q?
0
Let f be (-2*5)/(18 - 20). Suppose 15 + 3757 = 3*m - 2*x, -2*m - f*x = -2540. What is the hundreds digit of m?
2
Let p = 12203 - 6347. What is the units digit of p?
6
Let z = -14925 + 22153. What is the thousands digit of z?
7
Let t = -16047 + 22599. What is the tens digit of t?
5
Let v(x) be the second derivative of -3*x**5/20 + x**4/12 + x**3/3 + x**2 - x. Suppose 5*q - 63 = 13*g, 8*g - 27 = 5*q + 10*g. What is the tens digit of v(q)?
8
Suppose -63*o + 62*o + 84 = 0. What is the units digit of (-14)/(o/18) + (-382)/(-2)?
8
Let d = 6114 + 4564. What is the thousands digit of d?
0
Suppose -1967*t + 1972*t = 5085. What is the units digit of t/(-3)*(-80)/16?
5
Let z be (2 + 20/(-12))/((-3)/(-36)). Suppose 1560 = p + 4*p + z*j, 0 = -3*p - 2*j + 938. What is the tens digit of p?
1
Let v = -3592 + 26168. What is the thousands digit of v?
2
What is the hundreds digit of (5151 - (-8)/(-4 - 4)) + 6?
1
Let x = 29979 - 3066. What is the hundreds digit of x?
9
Let f = -26296 - -44448. What is the tens digit of f?
5
Suppose 0 = 2*h - 6, 0 = 4*o + 5*h - 10*h - 37133. Suppose 27*v - 3349 = o. What is the units digit of v?
8
Let c(t) = 486*t + 15. What is the hundreds digit of c(5)?
4
Let c = 1623 + -1027. Let r = c - 328. What is the hundreds digit of r?
2
Suppose 0 = -174*r + 173*r. Suppose r = -2*p - 59 + 255. What is the tens digit of p?
9
Suppose -7*l + 13*l - 90 = 0. Suppose 41*g = 46*g - l. Suppose -3*z + 90 = g*w, 3*z - 80 = w - 2. What is the tens digit of z?
2
Suppose -5*i = 4*s - 156806, 0 = -173*i + 176*i - 2*s - 94110. What is the ten thousands digit of i?
3
Let t(h) = -h*